ive of -w**7/1008 - w**6/720 - w**5/5 + w**4/24 + 3*w**2 - 3. Let g(h) be the third derivative of f(h). What is g(-1)?
4
Let d = 1/1636 - -101/2045. Let g(a) be the second derivative of -d*a**5 + 1/2*a**4 + 1/6*a**3 + 0 + 25*a + 1/2*a**2. Calculate g(6).
7
Let g(r) = -r - 4. Let u(f) = 2*f**3 + 19*f**2 + 10*f + 16. Let s be u(-9). Let i be g(s). Let q(o) = o**2 + 10*o - 13. Determine q(i).
-2
Let q(u) = -u**3 + 4*u**2 - 3*u + 4. Let w be q(3). Let i(y) be the second derivative of y**5/20 - y**4/4 - y**3/3 - 5*y**2/2 + 2*y - 1353. Determine i(w).
3
Let f(k) = 3*k - 4 + k + 9 - 2*k - 9. What is f(5)?
6
Let s(z) be the second derivative of 0*z**2 + 0 - 1/6*z**4 - 67*z - 1/6*z**3 - 3/5*z**5. What is s(-1)?
11
Let o(i) = 7*i + 2 - i**2 + 22*i**3 - 5*i + 3*i**2 - i - 23*i**3. Let u(l) = l**3 + 7*l**2 + 4*l + 7. Let t(d) = 2*o(d) - u(d). Give t(-2).
13
Let q(r) be the third derivative of -r**4/24 + 13*r**3/6 - 2*r**2. Let z be 163/16 - 906/4832. Give q(z).
3
Let y be 11/3 - (-4)/(-6). Suppose 1 = 3*u + 5*l + 5, 5*u - 6 = -2*l. Let n(m) = m**3 + m**2 - m**u + m**2 - 2*m**y. Give n(1).
0
Let w(n) = -38*n + 716. Let b be w(19). Let x(h) = 1. Let t(p) = -10 - 1 + 7 - p. Let v(c) = -t(c) - 4*x(c). Determine v(b).
-6
Let a(v) = -7*v**2 - 3*v + 3. Suppose 3*p - 8 = 2*i, -4*p - 13*i - 29 = -10*i. Determine a(p).
-19
Suppose 96*a - 24*a + 26*a = 0. Let w(t) = 6*t - 11. Give w(a).
-11
Let f = 7 - 6. Suppose r + 4*x - 2 + 17 = 0, -2*r = -x + 3. Let j be (3 + (f - 3))*r. Let g(v) = v. Calculate g(j).
-3
Let q(s) be the third derivative of -17*s**4/24 + 23*s**3/6 - 4322*s**2. Calculate q(5).
-62
Let c = -14 - -18. Suppose -c = 4*s + 4*j, 2*s - 4*j - 10 = 3*s. Let h(p) = -2*p + 3*p**2 - 1 - 6*p**2 + 6*p**2 + 0*p. Determine h(s).
7
Let d(k) = 3*k - 40. Let a be d(14). Let s(n) = -n + 16*n - 9*n - n**a - 3. Suppose -3*p + 0*x = 2*x - 5, 0 = -5*p + 5*x + 50. Calculate s(p).
2
Let h = -179 - -182. Let g(p) = 5*p**3 + 9*p**2 - 9*p - 2. Let y(l) = 4*l**3 + 8*l**2 - 8*l - 2. Let n(b) = 5*g(b) - 6*y(b). Calculate n(h).
11
Suppose -5*x + 54 = 3*t + 19, -t + 17 = 3*x. Let k(p) be the third derivative of -11*p**4/24 + p**3/6 - 1419*p**2. Give k(t).
-54
Let h be 66 + -64 - (1 + 0 + -1). Let x(o) be the second derivative of 0 + 1/2*o**h - 1/12*o**4 - 8*o + 5/6*o**3. What is x(6)?
-5
Let w(a) = -3*a + 49. Let d = -10515 + 10540. Give w(d).
-26
Let d(r) = -r**2 - 11*r + 15. Let y(v) = v**3 + 7*v**2 - 712*v - 4320. Let m be y(-6). Give d(m).
3
Let a(v) = 9*v**3 - 2*v**2 - 2*v - 1. Suppose 88*i + 198 = -36*i - 50. What is a(i)?
-77
Let d(w) = w. Let v(s) = -11*s**3 + 3*s**2 - 2*s - 10. Let h(y) = 2*d(y) - v(y). Let o(m) = -2*m**3 - m**2 - m - 1. Let i(p) = -h(p) - 5*o(p). Determine i(8).
3
Let u(c) be the first derivative of 122 - 3/2*c**2 + 32*c. Give u(10).
2
Suppose -3*j + 7 = h, 0 = -392*h + 390*h + j + 21. Let s(x) = -x**3 + 12*x**2 - 22*x + 17. Determine s(h).
-3
Let h be ((-2)/6)/((-76)/(-684)). Let y be (-60)/45 - 22/(-3). Let j(f) = 0*f + 5 - y - 3*f. Give j(h).
8
Let w be (7 + (-819)/147)/(3/(-21)). Let m(x) = -2*x**2 - 19*x - 37. Give m(w).
-47
Let s be 3/(-6) + 374/4. Suppose 31 - 506 = 5*l. Let a = s + l. Let h(u) = u. What is h(a)?
-2
Let b(x) = -4*x - 8. Let t(i) = -3*i - 6. Let r = -523 + 517. Let g(w) = r*t(w) + 4*b(w). Calculate g(-3).
-2
Let j(w) = -w**3 + 9*w**2 + 6*w + 10. Let n(a) = -a**2 - 1. Let s(c) = j(c) + 2*n(c). Let t be 5244/(-4)*3/(9*-1). Suppose t*f = 434*f + 24. Calculate s(f).
-8
Suppose -8*w - 3 = -5*w. Let j(s) be the first derivative of 0*s + 9/2*s**2 + 67. Give j(w).
-9
Let k(t) be the third derivative of t**4/8 + t**3/3 - t**2. Suppose -3*n + 2*x + 6 = -63, 0 = 5*n + x - 102. Suppose 59 = -n*w - 25. Calculate k(w).
-10
Let x = -244/3 + 497/6. Let p(h) be the first derivative of -x*h**2 + 5 - 3*h. Give p(-5).
12
Let t(k) = 4*k**2 - 14*k - 24. Let z be t(9). Let h(y) = z*y - 10 - 168*y + 9. Let j be 4/(-8) - (-1)/(-2). Give h(j).
-7
Let k(s) = s. Let d(j) = -5*j + 11. Suppose 8 + 24 = 4*l - 4*n, 0 = -2*l - n + 22. Let c be (-4)/l + (-14)/(-35) - 6. Let g(z) = c*k(z) - d(z). Determine g(-6).
-5
Let n be (22 + -2)/(-4) - 3. Let b = -8 - n. Let x(q) = q + 1. Let m(i) = -i**3 - 2*i - 2. Let d(t) = -m(t) - 2*x(t). Calculate d(b).
0
Let s(o) = -9*o + 79. Suppose 30 = 5*c - 5*q, -3*q + 7 = -2. Let t be s(c). Let u(i) = -i - 3. Give u(t).
-1
Let y(c) = -8*c**2 - 8*c + 2. Let s(l) = 17*l**2 + 17*l - 4. Let j(t) = -6*s(t) - 13*y(t). Suppose 0 = 53*w + 89 + 17. Determine j(w).
2
Let v be 3/5 - (-114)/(-15). Let m be (-25)/v + (-15)/(-35). Suppose -m*s = -18 - 6. Let c(u) = -u**2 + 9*u - 7. Calculate c(s).
11
Suppose -4*p - j + 26 = 0, -2*p + 18 = 2*p + 5*j. Suppose -2*l + c - 26 = -5*l, -3*c - 3 = 0. Let i(k) = 2*k + p - k - l. Give i(0).
-2
Let t(g) be the first derivative of -21*g**4/2 + 2*g**3/3 - 3*g**2 + 5*g + 1325. Give t(1).
-41
Let v(l) = 13*l**3 - 12*l**2 - 13*l - 55. Let r(s) = -7*s**3 + 7*s**2 + 7*s + 29. Let i(w) = -11*r(w) - 6*v(w). What is i(-5)?
6
Suppose -95*f = 27*f - 488. Let v(b) be the third derivative of 0*b + 1/8*b**f + 18*b**2 + 0 - 1/6*b**3. Determine v(-6).
-19
Let n(f) = -3*f + 3. Let g = 62 - 60. Suppose -g*i - 3 = -1. Let s be (-2)/3*(-3 + i + 1). Give n(s).
-3
Let f(l) = -6*l - 9. Let w = 2338 - 1654. Let g = -692 + w. Determine f(g).
39
Let d(k) be the second derivative of -k**6/180 + k**5/40 - k**4/12 + 11*k**3/3 + k**2 - 2*k - 5. Let m(j) be the second derivative of d(j). Calculate m(4).
-22
Let z(x) = -2*x + 10. Let g = -82 + 77. Let f(v) = 4*v - 15 - 4*v + 3*v. Let p(t) = g*f(t) - 7*z(t). Calculate p(5).
0
Suppose 20*d = -2*a + 15*d + 112, 0 = 2*a - 4*d - 94. Let r(x) = 3*x**2 - 153*x - 2. Calculate r(a).
-2
Let t = -181 - -171. Suppose -n - 3*n = q + 1, 5*n = q - 26. Let y(x) = 11*x - 21*x + 8 + q*x. Give y(t).
-2
Let t(s) = 8 - 17*s - 2*s**2 - 9 + 4 + 5 + 0. Give t(-9).
-1
Let o = -826 - -838. Let z be (-2)/(66/o - 5). Let m(f) = -f - 4. Calculate m(z).
0
Let a(o) = o**3 - 6*o**2 - 12*o + 2. Suppose -136 = 9721*i - 9738*i. Give a(i).
34
Let d(x) = x**3 + 4*x**2 - x. Let k = 35 + 16. Let z be (k/(-9))/(9/54). Let p = -38 - z. Calculate d(p).
4
Suppose 8*f - 3*f = -b + 84, -5*f + 76 = -b. Suppose f*a - 184 = -1480. Let o = -85 - a. Let v(h) = h**2 + h - 2. Give v(o).
10
Let l(o) = -o. Let t(k) = -k**2 - 7*k - 2. Let n(i) = 3*l(i) - t(i). Let c be n(-4). Let d(a) = -3*a**c + 3*a + 4*a**2 - 9 - 9*a. Determine d(7).
-2
Let y(o) be the first derivative of o**4/4 + 13*o**3/3 - 15*o**2/2 - o + 30. Give y(-14).
13
Let c(s) be the third derivative of s**5/60 + 25*s**4/24 + 91*s**3/6 + 8411*s**2 + s. What is c(-5)?
-9
Suppose -38 = 2*w - 4*r, -6279 + 6234 = -5*r. Suppose 2*n + m = -1 + 3, -2*m = 5*n - 5. Let z(y) = 6*y**3 - 3*y - y + 2*y - n. Determine z(w).
-5
Suppose -16*z - 1 = -15*z - k, -5*z - k + 19 = 0. Let r(n) = -2*n**3 + 5*n**2 + 3*n**3 + 1676*n - 2*n**z - 1677*n. Determine r(3).
15
Let v(x) = 12*x**2 + x + 17. Suppose -a = 3*f - 8, 0 = -2*a + 7*a + 5*f - 40. Let l(i) = -19*i**2 - 2*i - 26. Let t(b) = a*v(b) + 5*l(b). What is t(3)?
9
Let q(c) = -c + 6. Let v be (-12)/(-21) - (-328)/14. Suppose 15*t = 12*t + v. Suppose -59*l - t = -60*l. What is q(l)?
-2
Let q = -23 + 35. Suppose 5*g = 8 + q. Suppose -g*k = -4*o + 32, -16 = -4*o + k + 19. Let z(j) = -j + 13. Give z(o).
4
Suppose 0 = -3*s - 5*j + 4, -2*s = 5*j - 3 + 2. Suppose 2*l - b - 3*b = 32, -l + 5*b + 28 = 0. Let x(h) = 6*h - 146 + 142 - l*h. Give x(s).
-10
Let n(y) be the second derivative of -17*y + 0 - 5/6*y**3 - 1/60*y**5 - 5/24*y**4 + 14*y**2. Let o(l) be the first derivative of n(l). Give o(-4).
-1
Let h = 48 - 48. Let r(a) = a**3 + 4*a**2 + 14. Let i be (13 + -9)*(1 - 2). Let s(m) = m**3 + 5*m**2 + 14. Let w(k) = i*r(k) + 3*s(k). Calculate w(h).
-14
Let m be (-15)/(-3)*(-1 - 0). Let f(q) be the second derivative of -q**5/20 - q**4/2 - q**3/2 + q**2/2 + 5153*q. Calculate f(m).
-9
Suppose -103*x + 85*x = -5688. Let r = x - 312. Let l(v) = -2*v - 5. Calculate l(r).
-13
Let g(y) = -6 - 12 + 2 + 8 + 0 + 7*y. What is g(1)?
-1
Let v be 13 + (-45)/(-27)*-6. Let n(h) = -h**3 - h**2 + 6*h - 5. What is n(v)?
-23
Let s(p) = 2*p**2 - 6*p - 18. Let w be s(5). Suppose 335 - 333 = -w*o. Let j(g) = 10*g + 2. Determine j(o).
-8
Let a = 0 + 0. Let u(r) be the second derivat